ime factors of d?
5, 11
Suppose 2*k - 7*k = 40. What are the prime factors of (-3)/(-6) + (-196)/k?
5
Suppose y + 7 = 2*c, 4*c - y - 19 = -0*y. List the prime factors of c/4*80/15.
2
Let k be 33/(-4) - 2/(-8). Suppose 0 = 2*z + 6. List the prime factors of k/6*z/2.
2
Let d be (0 + 1 + 2)*1. Suppose 4*z - 44 = -2*s, -d*s + 2*z - 50 = -5*s. List the prime factors of s.
2, 7
Let l(j) = -3*j + 5. Let b be l(6). Let r = 35 + b. What are the prime factors of r?
2, 11
Let n(p) = p + 18. Let a be n(-14). Suppose -2*j + a + 2 = 0. List the prime factors of j.
3
Let p(o) = o**2 - 10*o + 6. What are the prime factors of p(12)?
2, 3, 5
Suppose 30*f - 35*f = -265. What are the prime factors of f?
53
Suppose 40 = -u + 3*u. List the prime factors of u.
2, 5
Let n(o) = o**3 + o**2 + 5. Let q be n(0). Suppose 2*w - 2*t - 34 = 3*t, q*w + 3*t = 23. List the prime factors of w.
7
Let l(y) = 8*y**3 + 3*y**2 - 2. Let d be l(-2). Let w = -26 - d. What are the prime factors of w?
2, 7
Let i(v) = v**2 + v - 7. Suppose -5*l + l = 20. What are the prime factors of i(l)?
13
Suppose 0*x + x - 60 = 0. Suppose -2*k = 3*k - x. List the prime factors of k.
2, 3
Let w(y) = y**3 + 4*y + 6 + 8*y**2 - 2 - 12. List the prime factors of w(-7).
13
What are the prime factors of (-44)/33 + (-110)/(-6)?
17
Suppose -r = -5*r - 40. What are the prime factors of (18/(-5))/(3/r)?
2, 3
Let j(n) = -6*n + 1. Let p be -1 + (-6 - -2) + 1. Let z = p - -2. What are the prime factors of j(z)?
13
What are the prime factors of ((-21)/(-6) + 2)*6?
3, 11
Suppose -78 = -3*b - 4*c, -3*b + 3*c - 22 + 121 = 0. Suppose 3*n - 3*a = b, -2*n + 4*n = 5*a + 26. List the prime factors of n.
2
Let d = 6 - 10. Let u = 15 + d. What are the prime factors of u?
11
Let f be -1*(-3)/((-6)/(-4)). Let i(n) = -f + n - n + n. List the prime factors of i(7).
5
Let w(g) = -g**2 - 8*g + 2. Let u(o) = o**2 - 5*o - 6. Let t be u(5). What are the prime factors of w(t)?
2, 7
Let z(t) = -t**2 + 11*t - 5. Let k be z(10). Let b = k - 5. Suppose -5*g + 52 = -3*o, -3*g + 0*o - o + 20 = b. List the prime factors of g.
2
Let f = 178 - -26. What are the prime factors of f?
2, 3, 17
Let g(p) = -p**3 + p + 78. List the prime factors of g(0).
2, 3, 13
Let u be ((-8)/8)/(1/3). List the prime factors of (u*3)/(-3) + -1.
2
Suppose 2*s = -0*p - 5*p + 4, -4*s - 12 = 0. Let f = p - -10. List the prime factors of f.
2, 3
Suppose -5*t + 101 + 21 = -3*k, 3*t - 4*k = 71. Suppose -n - 49 = -4*h, -3*h - t = -4*h - 4*n. List the prime factors of h.
13
Let z be (-6)/10 - (-36)/10. Suppose -z*c + 19 = 1. What are the prime factors of c?
2, 3
Let h = 72 + -34. What are the prime factors of h?
2, 19
Let j = 5 + -14. Let o be 0*3/j + 0. Suppose 2*u - 2 - 6 = o. What are the prime factors of u?
2
Let f = -10 - -1. List the prime factors of f/3 + 16/1.
13
Let r(l) be the first derivative of -l**3 + l**2 - l - 2. Let h be r(1). Let k = h + 8. List the prime factors of k.
2, 3
List the prime factors of 0*(-1)/2 - -3*18.
2, 3
Suppose -2*z + 133 + 271 = 0. What are the prime factors of z?
2, 101
Let o = 10 - -2. Suppose -3*d - o = d. List the prime factors of (-23)/d - 12/18.
7
Let h = -100 - -167. Let m = h - 40. List the prime factors of m.
3
Suppose 3*o - 2*o = 4. Suppose o*l = 22 + 2. List the prime factors of l.
2, 3
What are the prime factors of ((-72)/21)/(6/(-42))?
2, 3
Let p(h) = h**3 - 4*h**2 + 3*h - 2. Let u be p(3). List the prime factors of ((-4)/(-5))/(u/(-10)).
2
Let k(o) = -6*o + 5. Let x be k(-3). Let n = 19 + -32. Let j = x + n. List the prime factors of j.
2, 5
Suppose -6*a + 3*a + 18 = 0. Suppose 0*y = 3*y - a. List the prime factors of ((-6)/(-3))/(y/4).
2
Let l(c) = c**2 + 4*c - 2. Let y be 4/(-14) - (-23)/7. What are the prime factors of l(y)?
19
Suppose -3*v + 6*v = 54. What are the prime factors of v?
2, 3
Let h(b) = 9*b + 1. What are the prime factors of h(2)?
19
Let k = 25 - -24. List the prime factors of k.
7
Suppose -4 = z - g - 100, 0 = -3*z - g + 284. What are the prime factors of z?
5, 19
Suppose 0 = -9*s + 1970 - 116. List the prime factors of s.
2, 103
Suppose 4*l = -l. Suppose -2*u - u + 15 = l. List the prime factors of u.
5
Let p be (-18)/2*(3 - 2). Let f = -3 - p. What are the prime factors of f?
2, 3
Let g(a) be the first derivative of a**3/3 + 4*a**2 + 3*a + 4. What are the prime factors of g(-10)?
23
Suppose -2*x - 5*g - 7 = -x, 5*x = g - 9. Let f be (-8)/(-2*x/(-4)). Let j = -3 + f. What are the prime factors of j?
5
Suppose -3*v = -2*y + 68, -2*v + 46 = 3*y - 30. List the prime factors of y.
2, 7
Let c(y) = -6*y - 1. Let o be 2 - 1 - (3 + -5). Suppose 5*d + f + 9 = 0, -2*d + f - o*f - 10 = 0. List the prime factors of c(d).
5
Let d be 0 - (-4 - 0/(-1)). Let o = 4 - d. Let s = o + 2. What are the prime factors of s?
2
Suppose -2*u = -7 + 23. What are the prime factors of 12/9*(-84)/u?
2, 7
Let f be 5 + -1 - (-1 + 0). Let q be (-8)/12*4*(-27)/4. Suppose -4*a + q = l - 6*a, -f*a = 15. What are the prime factors of l?
2, 3
Let n(p) = 3 + 8*p - 12 - p - 2*p. Let k be n(9). Suppose -4*j - k = -0*h - 4*h, 5*h - 75 = -j. List the prime factors of h.
2, 7
List the prime factors of (2/(-2))/(10/(-1020)).
2, 3, 17
Let w(x) = 17*x**3 - 4*x**2 + 3*x - 2. What are the prime factors of w(2)?
2, 31
Let x(w) = -w**2 - 13*w - 7. Suppose -2*n - 52 = 4*d - 4*n, 3*n - 12 = 0. List the prime factors of x(d).
3, 5
Let z(o) = o**2 - 5. Let v be z(4). Suppose -a - s + v - 3 = 0, -3*s = -15. Suppose -a*f = -3 - 18. What are the prime factors of f?
7
Suppose c + 5*d = 2*c + 10, 2*d - 112 = 4*c. What are the prime factors of ((-14)/6)/(5/c)?
2, 7
Let a(v) = 2*v + 16. Let s be a(0). Suppose -4*d + 4 = -s. What are the prime factors of d?
5
Suppose -181 = -7*j - 20. List the prime factors of j.
23
Let h(v) = v. Let q be h(2). Let t(x) = 2 - 4 + q - 2*x - 8. What are the prime factors of t(-9)?
2, 5
Suppose -5*p - 3*s + 2*s + 67 = 0, -p + 29 = -5*s. Suppose u + 1 = p. List the prime factors of u.
13
Let y(p) = p**2 - 2*p + 5. Let m(n) = n. Let q be m(6). What are the prime factors of y(q)?
29
Suppose 0 = 32*f - 35*f + 828. List the prime factors of f.
2, 3, 23
Suppose 5091 = 20*m - 729. What are the prime factors of m?
3, 97
Suppose -5*i + 936 = -i. Suppose -3*v + i = 4*z, -5*z + 19 = 3*v - 218. List the prime factors of (-2)/(-4) + v/4.
19
Let b(w) be the second derivative of 1/20*w**5 - 4*w - 3/4*w**4 + 1/6*w**3 - w**2 + 0. List the prime factors of b(9).
7
Suppose 3*i + 0 = 6. What are the prime factors of i/6 - (-42)/9?
5
Suppose -3*b = 2*p - 6, -3*p - b + 15 = 2*p. Suppose p = d + 6. What are the prime factors of -1 + (-27)/d + -3?
5
Let l be 4/(-14) + (-10)/14. List the prime factors of (-4 + 8)*(2 - l).
2, 3
Let u be 10 + -9 + (0 - -8). Suppose -u + 17 = 4*c. List the prime factors of c.
2
Let k be (-6)/33 - 567/(-33). Let o = k - -3. What are the prime factors of o?
2, 5
Suppose -128 = -2*o + 102. Suppose -5*b + o = -l, -4*l + 59 = 3*b - 10. List the prime factors of b.
23
Let n(r) = 3*r + 10. Let v be n(-7). Let s = 11 - v. List the prime factors of s.
2, 11
Let d(n) = 7*n + 4. Let z be (0 - 1)/(2/6). Let s be d(z). Let b = -12 - s. What are the prime factors of b?
5
What are the prime factors of (-219)/(-12) + 1/(-4)?
2, 3
Let r(k) = -k**3 - 4*k**2 - 2*k + 1. What are the prime factors of r(-4)?
3
Let x(j) = -j**2 + j + 15. Let b be 16/24 - (-2)/(-3). Let r be x(b). List the prime factors of 159/r - 4/(-10).
11
Let d = -4 + -8. Let s = -4 - d. List the prime factors of s.
2
Let x(i) = 9*i**2 - 6*i + 17. List the prime factors of x(4).
137
Let y(g) = g**3 - 3*g**2 - 8*g - 1. Let t be y(6). Let i = t + -39. List the prime factors of i.
2, 5
Let d(g) = -g**3 - 4*g**2 + 4*g - 4. Suppose -l - 20 = 3*l. Let o be d(l). Let q = o - -7. List the prime factors of q.
2
Suppose -7*h + 4*h = -381. What are the prime factors of h?
127
Suppose -u - 3*u + 192 = 0. Suppose -5*b + u = -22. List the prime factors of b.
2, 7
Let g(y) = 2*y**2 - 5*y - 3. Let c(k) = k**3 + 4*k**2 + 2. Let s be c(-4). Let f be (-3)/(-5 + s) - -3. What are the prime factors of g(f)?
3
Suppose 5*v - 3 + 4 = -3*d, -4*d = 3*v - 6. Let x = -1 - v. List the prime factors of 3/x - 3*-2.
3
Let d(i) = -4*i**3 + 11*i**2 + 8*i + 8. Let v(z) = 11*z**3 - 32*z**2 - 24*z - 25. Let q(j) = -8*